-3*p + 4*r. Suppose -5*j + 60 = -3*g, p*j - 2*g = -3*g + 24. Suppose 0 = q + 2*s - 187 - j, -5*s = 3*q - 593. Is q composite?
False
Let z = 7775 + -4406. Is z composite?
True
Let t = -31 + 24. Let b(v) = -v**2 - 7*v + 19. Is b(t) prime?
True
Let d = 9 - 11. Let j be (-17344)/(-44) + d/11. Let s = j - 261. Is s a composite number?
True
Let m = -3110 + 8377. Is m a composite number?
True
Suppose 5*j + 838 = -x + 7162, 2*x - 12672 = 2*j. Is x composite?
True
Suppose -6*j + 5912 = 1706. Is j composite?
False
Let v(n) = -3*n + 6730. Let x be v(0). Suppose x = 11*r - r. Is r prime?
True
Suppose -2*c + 5*c - 9 = 0. Suppose -31 = -3*k - 4*x, -c*k + 6*x - 1 = 2*x. Suppose 0 = -k*g - o - 116 + 764, -654 = -5*g - 3*o. Is g a prime number?
False
Let g(n) = -6310*n - 181. Is g(-2) a composite number?
True
Is (193542 - 3)*(-11)/(-330)*10 composite?
False
Let i(y) = -2*y + 23. Let u be i(10). Suppose -5*o = s + s - 834, u*o = -3*s + 504. Is o prime?
False
Is ((-16)/(-96)*4038)/((-3)/(-51)) a composite number?
True
Is 67080/22 - 14/154 composite?
False
Let x = -41 + 20. Let f = 25 + x. Suppose -2*y + 3*y - 91 = 2*h, 2*y + f*h - 150 = 0. Is y a prime number?
True
Let m = -118 + 635. Suppose 0*s - r = s - 256, -3*r + m = 2*s. Is s prime?
True
Let y = -7 - -7. Suppose y = -5*m - 7*a + 3*a, 5*m + 2*a = 0. Suppose m = 6*l - 4*l - 406. Is l a prime number?
False
Let v(n) = -4*n**3 - 30*n**2 - 11*n - 22. Is v(-15) a composite number?
True
Let s(h) be the third derivative of -h**6/5 + h**5/30 - h**4/12 + 7*h**3/6 - 2*h**2. Let o be (0/(3/1))/2 - 3. Is s(o) a composite number?
True
Let x = -2957 - -6766. Is x a prime number?
False
Let h = 4 + 37. Let u = h - -396. Is u prime?
False
Suppose 5*u - t - 87785 = 0, 44977 = 5*u - 5*t - 42788. Is u a prime number?
False
Let p(g) = 2*g**3 - 3*g**2 - g - 2. Let b be p(-4). Let x be -87 - ((-35)/15 + 2/6). Let q = x - b. Is q composite?
False
Let o = 1190 - -1947. Is o composite?
False
Let k = 2594 + -849. Is k composite?
True
Let r(u) = -u**3 - 2*u + 2203. Let x be 4*3/12*0. Is r(x) a prime number?
True
Let l = 4 - 0. Suppose -3*o + c - l = 0, 15 - 3 = 3*c. Suppose 2*w - 718 = -3*i, w - 349 = -o*i + i. Is w prime?
True
Is 3/12 + (-116748)/(-16) prime?
True
Let j(n) = 106*n**2 - 26*n - 217. Is j(-12) a composite number?
False
Let d = 32 + 169. Suppose 39*w + d = 42*w. Is w composite?
False
Let k be -30*(3/(-2) + 2). Let r = 12 + k. Is 161 + 5 + r + -6 prime?
True
Let k(n) = 4*n + 41. Let g be k(-7). Is (-2)/g - 1244080/(-208) composite?
False
Let b(c) = -2*c**2 + 103*c + 65. Is b(48) a prime number?
True
Let y(r) = r**2 + 9*r + 17. Let t be y(-5). Is (902 - -1) + (2 + t - 1) a prime number?
False
Is 381835*6/60*2 a prime number?
True
Let z(o) = 2058*o + 91. Is z(24) a prime number?
False
Suppose -m + 3*g = 13, -10 = 5*m - 4*g + 22. Let c be (0 + 163)/(m/(-12)). Suppose -2*f + c = -809. Is f a prime number?
False
Is (-3832)/12*120/(-16) a composite number?
True
Suppose -3 - 2 = z, 3*v = 4*z + 56. Let u = v + -13. Is (-879)/6*(-3 - u) a composite number?
False
Suppose 0 = 3*v - 7090 + 763. Suppose v = 12*t - 9*t. Is t prime?
False
Let m(q) = 1943*q + 246. Is m(11) prime?
False
Suppose -3*m + 0*h = -5*h - 21, -2*m + h = -7. Suppose 4*g - m*l - 391 = g, 5*g - 660 = 5*l. Is g a composite number?
False
Let x(n) = -n - 1. Let o = 1 + -4. Let k be x(o). Is 1/(-2) + 263/k a composite number?
False
Suppose 69 = -35*u - 1296. Suppose -52 = 5*t - 3*t. Is 50/4 - u/t a composite number?
False
Suppose -3*f = f + 4. Let q(i) = 119*i**3 + i**2 + 2*i + 1. Let s be q(f). Let p = 204 + s. Is p prime?
False
Let b(a) = 2*a**2 - 2*a - 1. Let q be b(-1). Suppose -2296 = -q*r + 2*j + 4173, 3*r - j - 6464 = 0. Is r a prime number?
True
Let v = -5127 - -13784. Is v composite?
True
Suppose -r - 44*v = -42*v - 23665, 0 = 5*r + 3*v - 118297. Is r prime?
False
Is (-1*2 - -4)/((-30)/(-89415)) a prime number?
False
Let i = -1556 + 3628. Suppose -2*b - 2849 = -3*w, -b = 4*w - i - 1745. Is w a prime number?
True
Let l = 2921 + -312. Is l a composite number?
False
Suppose 0*l - 5*l - 2*j = -31, 5*l + 5*j - 40 = 0. Suppose -5*p - 4*u + 8461 = 0, l*p = 6*p + 3*u - 1690. Is p a composite number?
False
Suppose s + 3 = 2*s. Suppose 0 = -s*i + 4*i - 100. Let r = i + -45. Is r composite?
True
Suppose 4709 = -4*y + 5*y. Is y a composite number?
True
Suppose -4987 = 5*d - 23282. Is d a composite number?
False
Suppose 3*r = 5*z - 242, -2*z - 3*r + 81 = 1. Suppose -d + z = 44. Let g(h) = 421*h - 1. Is g(d) a prime number?
False
Is (-16)/(-20) + (7 - (-1277968)/40) composite?
False
Let n(v) = 2*v**2 + v + 471. Let b be n(0). Suppose 9*s = 8*s + b. Is s a prime number?
False
Suppose 2*o - 5 = -5*j, 3*o - 5*j + j - 65 = 0. Let f be 21/5 + (-3)/o. Suppose x - 69 = 4*g + 130, -f*x + 728 = g. Is x a prime number?
False
Let m(j) = -178*j + 26597. Is m(0) prime?
True
Let u = -12 - -30. Let b be (8/(-6))/(u/(-27)). Suppose -b*i + 492 = 2*i - 4*k, -4*i + 3*k = -488. Is i composite?
True
Let u(q) = q**3 + 9*q**2 + 3*q + 2. Let s be u(-10). Suppose 0 = -10*t + 13*t + 729. Let m = s - t. Is m prime?
False
Suppose -3*q - 703 = -2740. Is q a composite number?
True
Suppose -13*l - 1185 = -16*l. Is l a composite number?
True
Is ((-126)/54)/((-21)/327447) prime?
True
Let u(h) = -172*h - 109. Is u(-9) a prime number?
True
Suppose 0 = 105*n - 104*n - 22307. Is n prime?
True
Let c = 45 - 48. Is ((-11)/2 - c)*4062/(-15) prime?
True
Let x(y) = -9*y**3 + 5*y**2 + 15*y + 44. Is x(-5) a prime number?
False
Let x = 23 - 18. Suppose 0 = 5*g + 2442 - 17162. Suppose -5*o = 5*t - g - 2301, x*t = o + 5245. Is t composite?
False
Let x be (0 - 2)*22662/(-18). Is (-3)/2*x/(-3) composite?
False
Let j = 12568 - 4575. Is j composite?
False
Let k be ((-48)/14)/(4/(-42)). Suppose -7*g - k = -3*g. Let d(z) = -z**3 - 7*z**2 - 4*z - 13. Is d(g) prime?
False
Let z(d) = -d**2 + 9*d - 5. Let c be z(8). Suppose t - g = 3*t - 9586, -c*t - 4*g + 14389 = 0. Is t a prime number?
False
Let g = 1651 + -1016. Is g composite?
True
Let v = -3676 + 5178. Suppose 8*z + 582 - v = 0. Is z prime?
False
Let w(a) = 437*a**3 - 5*a**2 + 2*a - 1. Is w(3) a prime number?
False
Let v be ((-2)/3)/(24/(-2556)). Suppose -u + v = -b - 0*b, -12 = 3*b. Is u prime?
True
Let n be 6/(-27) + (-100)/36. Let b be n + (-6)/(-1) + 0. Is 1365/15 + 1*b prime?
False
Let p be 80/(-12) + (-4)/(-6). Let h be (-615)/(-21) - p/(-21). Let b = h + -10. Is b a composite number?
False
Is (-1531)/((-1)/(4 + (-1 - 2))) a composite number?
False
Let j(z) = 2*z**2 + 4*z. Suppose -2*v + 2*w = 2, -7*v + 3*v + 5*w - 1 = 0. Let c be j(v). Suppose 0 = -2*m + c + 10. Is m composite?
False
Suppose 1351 = 2*p - 41. Suppose 61 - p = -5*i. Is i prime?
True
Suppose -2*i + 703 = 5*m, 0*i - 3*i = -m - 1063. Suppose 2 = 15*y - 17*y. Is (y/(-2))/(3/i) composite?
False
Is (14/4)/(29/4582) a prime number?
False
Let s = 15 - 11. Suppose 4*r + 5*i - 140 = 0, s*i = -4*r + 76 + 64. Suppose 0*j - 5*j + r = 0. Is j composite?
False
Suppose 1398 + 298 = 8*g. Suppose -5*z + 24 = 69. Is 3/z - g/(-6) composite?
True
Let t(c) = 3*c**2 - 19*c - 1. Is t(13) a prime number?
False
Suppose 85559 = 10*q + 15169. Is q a prime number?
True
Let l(k) = -5*k. Let v be l(-1). Suppose 5*p - 15 = -5*u, 2*p = v*u - 6 + 40. Is p prime?
True
Suppose 0 = 3*d + 18*d - 38409. Is d prime?
False
Suppose -4*w - 4*r = 0, 4*w + 0*w - r = 25. Let j = w + 2. Suppose j*m - 10*m = -3765. Is m a prime number?
False
Suppose 2*o + 2*a - 19357 = 5*a, -19355 = -2*o + a. Is o a prime number?
True
Let j(h) be the third derivative of 235/24*h**4 + 0 + h**2 + 0*h + 0*h**3. Is j(1) prime?
False
Let h = 29 + -34. Let p(m) = -65*m - 6. Is p(h) a composite number?
True
Let l = 1007 + -585. Is l a composite number?
True
Suppose -2*q - u - 3 = -0*q, -4 = q + u. Let h be -972*q/2*-2. Let m = -619 + h. Is m prime?
True
Let v = -1295 - -2661. Suppose -u - 3*i = u - 676, 4*u - v = i. Is u a composite number?
True
Is (-714 + -5)*(-4 - 25) a composite number?
True
Is (35 - 34) + 37164/2 prime?
True
Let o = 9377 - -30014. Is o a prime number?
False
Let n = 11347 + -6260. Is n composite?
False
Let p(g) = -2*g + 3 - 25*g**3 - 2 + 2*g**2 + 0*g. Let i be p(1). Is (-2152)/i + 2/(-3) prime?
True
Suppose 6*g - 2*g - 72 = 0. Is 8/(-36) + 3 + 9328/g p